9 - 144, y = -2*f + 131. Is 17 a factor of f?
True
Let w = -10 - -43. Is w a multiple of 33?
True
Let m = 132 + -87. Does 9 divide m?
True
Suppose 2*t = 18 - 4. Suppose 3*m = 5*m. Does 12 divide m + t/((-7)/(-22))?
False
Let d(j) = 2*j**2 + 12*j + 18. Is 5 a factor of d(-7)?
False
Let u(f) = -36*f. Is u(-2) a multiple of 24?
True
Let t(y) = -y**3 - 10*y**2 - 5*y + 7. Let z be t(-10). Suppose -3*s + z = 3. Is s a multiple of 7?
False
Suppose -735 = -3*g - 2*g. Is 38 a factor of g?
False
Let o be 2 - 0/1 - -7. Is 9 a factor of 205/o + 2/9?
False
Let t(b) = 4*b**2 + 3*b - 4. Suppose -8 = 3*m + 4. Is t(m) a multiple of 19?
False
Let z = -2 - -4. Is 3 a factor of (z/6)/((-3)/(-27))?
True
Let y = 9 + -1. Does 15 divide (-6)/y - (-366)/8?
True
Let u(q) = 2*q**2 - 7*q + 3. Suppose -3*i + 0*j + j + 23 = 0, -5*i - j + 33 = 0. Let b = -2 + i. Is u(b) a multiple of 9?
True
Suppose 2*u + 5*z = 9, -2*z + 1 = u - 2. Let x be (-41)/(u + 4 + -2). Suppose -5*s + 29 + x = 0. Is 7 a factor of s?
True
Let t be 1/(-2)*(1 + -1). Suppose t*w = -2*w + 72. Is 18 a factor of w?
True
Let q(l) = -l**2 + 17*l - 4. Let o be q(12). Is o - 2/(4/6) a multiple of 13?
False
Is 12 a factor of 1/((-2)/(-412)*2)?
False
Let w be -4*(3/1)/(-3). Let j(m) = -15*m**3 + 1. Let p be j(-1). Suppose 2*v + w*n = -3*v + 66, -p = -4*n. Does 7 divide v?
False
Let p = -163 - -246. Is p a multiple of 17?
False
Let c(t) = -t**2 - 5*t - 2. Does 2 divide c(-2)?
True
Let s(j) = -j**2 - 9*j - 6. Let b be s(-8). Suppose 16 = 3*p - b*p. Is p a multiple of 8?
True
Let k be ((-20)/(-25))/(1/(-5)). Is 3 a factor of (k/(-6))/(14/273)?
False
Suppose 7*q + 15 = 12*q. Does 7 divide 70/q*(-3)/(-2)?
True
Let m = 221 - 141. Is m a multiple of 10?
True
Let z = -6 + 11. Suppose z*y = -44 + 194. Is 15 a factor of y?
True
Let w(x) be the second derivative of -x**5/20 - 7*x**4/12 - 7*x**3/6 + 3*x**2 - 2*x. Let t = -1 - 5. Is w(t) a multiple of 9?
False
Let f(l) = -3*l - 10. Does 19 divide f(-16)?
True
Let a(p) = -p**3 - 4*p**2 - p. Let q be a(-3). Is 3*q/9 + 8 a multiple of 3?
True
Suppose 4 = -2*c - w + 6*w, 1 = c - w. Let o(a) = 4*a + 1. Let v be o(2). Does 4 divide 2/c - (-57)/v?
False
Let b = -159 - -287. Is 14 a factor of b?
False
Let p = 7 - 2. Suppose -2*j - 19 = -x, 67 + 0 = 4*x - p*j. Suppose 7 + x = r. Is r a multiple of 10?
True
Let w = 1 - 0. Suppose 4*g = -u + 3 + w, -4*u + g = -33. Let x(f) = -f**3 + 8*f**2 + f + 8. Is x(u) a multiple of 16?
True
Let i be (-6)/(-3) - 8 - -2. Let j = i - -7. Does 3 divide j?
True
Let g be (-2 + -6)*(-3)/6. Suppose -j = j + g. Is 12*(-2)/6*j a multiple of 8?
True
Suppose -6*l = -10*l. Suppose -4*q + 292 = 3*i - 8*i, l = 3*q - 3*i - 222. Does 19 divide q?
False
Let o = 5 + -1. Suppose o*n - 152 = -0*n. Is n a multiple of 14?
False
Suppose 0 = 4*h - 7 - 5. Suppose h*f = 87 + 114. Is f a multiple of 21?
False
Suppose -5*m + 193 = -272. Suppose -6*j = -513 + m. Is j a multiple of 14?
True
Suppose -274 = -7*c - 99. Does 17 divide c?
False
Suppose -36 = -h - 3*h. Is h a multiple of 9?
True
Is (-22)/99 + (-400)/(-18) a multiple of 14?
False
Is 19 a factor of (0/3)/(3/(-3)) - -265?
False
Let u = -11 - -80. Suppose -102 = -5*j + n, 0 = -4*j + 5*n + u - 0. Is j a multiple of 15?
False
Let a be (-1 - -2)*1 + -8. Let c = a - -10. Suppose -5*t + 202 = 2*b, b = -2*t + c*t - 46. Is 16 a factor of t?
False
Let b = 22 + 54. Is 20 a factor of b?
False
Let x(g) = 5*g**2 + 17 + 4*g - 17. Does 22 divide x(3)?
False
Let d(p) = -3*p - 4. Let n be (2 + -5)/(-3) + -4. Is 3 a factor of d(n)?
False
Let j be 40/12 - 1/3. Suppose j*u + 10 = u. Let f(o) = -o**3 - 6*o**2 - 6*o. Does 3 divide f(u)?
False
Suppose 326 = 3*r - 2*b, 4*r + 3*b = r + 321. Suppose -l = 3*l - r. Does 12 divide l?
False
Let c be 3 + (-3)/(-6)*-2. Suppose -3*l = c*v - 30 + 10, -3*v = -4*l - 64. Is 16 a factor of v?
True
Let h be (-1 - 5)*(8 + -7). Does 6 divide (-145)/(-6) + h/36?
True
Let p(g) = 3*g**3 + 2*g**2 + 2*g + 1. Let h be p(-1). Let s be (-1 - -1)*(-2)/h. Suppose s = 2*d + 23 - 73. Is 11 a factor of d?
False
Is 44 + 15/(-1 + 6) a multiple of 13?
False
Suppose 7*t + 29 = 2*t - 3*i, -5*i + 3 = t. Let r = t + 17. Does 3 divide r?
False
Let u be 1 + 0 - 4 - (6 - 12). Let d(y) = -y + 8. Let s be d(6). Suppose -u*v - s = -11. Is v a multiple of 2?
False
Let p(i) = i**2 + 17*i - 16. Is p(-20) a multiple of 6?
False
Suppose 0 = 6*n - 134 - 892. Is n a multiple of 24?
False
Let v(h) = h**2 - 9*h + 1. Let s be v(9). Let j be ((-3)/6)/(s/6). Is 15 a factor of (-123)/j + 2 + -2?
False
Is (80/(-25))/(3/(-30)) a multiple of 32?
True
Suppose -2*j - 2*j + 674 = -g, -3*j + 514 = -5*g. Suppose 0 = -4*z + 8*z - j. Does 14 divide z?
True
Let n(q) = 3*q**2 + 8*q + 5. Let v be n(-5). Suppose h - 28 = 5*c, 5*h - c - 4*c = v. Let i = 17 + h. Is 9 a factor of i?
False
Let x = 52 - -72. Is 31 a factor of x?
True
Let q(v) = v - 1. Is q(4) a multiple of 2?
False
Suppose 2*g - 35 - 313 = 0. Let l(i) = -i**2 - 5*i + 4. Let f be l(-5). Suppose f*w - 22 = g. Is w a multiple of 20?
False
Let r = 56 + 75. Is r a multiple of 13?
False
Suppose 4*u = 5*a - a + 156, 5*u - 155 = -5*a. Does 7 divide u?
True
Let g(i) = i - 4. Is 5 a factor of g(9)?
True
Let l(b) = -b + 21. Is 5 a factor of l(6)?
True
Suppose 0 = -24*f + 21*f + 9. Is f a multiple of 2?
False
Suppose 2*i = -2*a + 100, -5*a + 3*i + 221 = -a. Is 15 a factor of a?
False
Let l = -28 + -17. Let b = -65 - l. Does 11 divide (-3 - -1) + b/(-1)?
False
Suppose -3*h = -2*r + 35, -4*r = -7*h + 2*h - 65. Is r a multiple of 4?
False
Suppose -3*o + o + 44 = 0. Let c = o + -9. Is c a multiple of 6?
False
Let x be 3*(-2)/4*-2. Is 12 a factor of (8/x)/(-4)*-54?
True
Suppose a - 4*a = 0. Suppose 0 = -5*i + 25 - a. Does 5 divide i?
True
Let h(i) = -i**3 - 4*i**2 + 3*i + 5. Let a be h(-5). Let j = a + 25. Is 10 a factor of j*(-3)/(-1*6)?
True
Let g be (-45)/(-3) + (0 - 1). Suppose g = -q + 49. Is 13 a factor of q?
False
Suppose 4*i = -3*a + 8*a + 174, -5*i - 5*a = -195. Is i a multiple of 9?
False
Suppose -4*c - 5*q = -34 + 1, -q - 13 = -2*c. Suppose -4*h + c = -17. Is h a multiple of 3?
True
Suppose 2*y = -9 - 9. Let b be 2/y + 5730/27. Suppose 0 = 5*r - w + 5*w - b, -175 = -4*r - 5*w. Does 20 divide r?
True
Let r = 76 + -37. Suppose -y + 3 = -4*l - r, l = 3*y - 115. Is 12 a factor of y?
False
Let p be 14*19*(-1)/(-2). Let u = -63 + p. Suppose -l + 3*l - u = 0. Is 10 a factor of l?
False
Suppose 0 = p - 35 - 18. Is 10 a factor of p?
False
Let d be -3 - (-1*6 - -1). Suppose p + 3*i + 7 + 2 = 0, -7 = -d*p - i. Is p a multiple of 2?
True
Let y(u) be the third derivative of u**4/24 + u**3/3 + 2*u**2. Let a be y(-2). Suppose -5*t + 77 = -2*f, -2*t - 3*f - 4 + 50 = a. Is 9 a factor of t?
False
Let b(i) = 3*i**2 - i. Is 26 a factor of b(-4)?
True
Suppose 0*c - 21 = -c - 3*j, 5*c - 105 = -4*j. Suppose 0 = -3*n + c + 3. Is n a multiple of 4?
True
Let g(f) = 5*f**2 - 7*f - 11. Let b(n) = 2*n**2 - 3*n - 5. Let j(h) = -7*b(h) + 3*g(h). Does 4 divide j(3)?
False
Let n(k) = k**3 + 7*k**2 + 7*k + 9. Let u be n(-6). Let x = 3 - u. Suppose 2*o = -x*o + 60. Is 15 a factor of o?
True
Suppose h = -3*x + 5*x + 18, -5*x - 17 = h. Let c be (-2)/(-4)*4 + 0. Is 13 a factor of c/h - (-206)/8?
True
Suppose -398 = -3*j + j. Suppose h = -4*i + j, i + i - 4*h = 122. Let r = -26 + i. Does 8 divide r?
False
Let n(f) = 15*f**3 + f - 1. Is n(1) a multiple of 7?
False
Let k be 182/6 - (-4)/6. Suppose p = 2*p - k. Is 28 a factor of p?
False
Suppose o + 1 = g - 1, 0 = -5*o - 2*g + 11. Suppose -2*z = -7*z + 3*c + 25, -2*z - c = o. Does 17 divide 1/z + (-99)/(-6)?
True
Suppose w + 15 = -4*w. Let u = -1 + w. Is -4*3/(6/u) a multiple of 3?
False
Let f = -1 + 4. Suppose -f*i - 2*i + 15 = 0. Does 3 divide i?
True
Suppose 16 = -2*z + 3*z. Is z a multiple of 8?
True
Let t = 6 + -4. Suppose 0 = 2*c - 0*c - 252. Suppose t*i + c = 5*i. Does 20 divide i?
False
Let b(r) = -r**3 - r**2 - 2*r + 3. Let v be b(-4). Let j = -35 + v. Is j a multiple of 17?
False
Let u be (-20)/4*11 + 1. Let v = u + 118. Does 32 divide v?
True
Suppose 0 = 5*s + 5*h - 165, 67 = 5*s - 4*h - 89. Does 4 divide s?
True
Let p = 85 + -160. Let a = 117 + p. Suppose -a - 6 = -3*d. Is 8 a factor of d?
True
Let v(u) = -8*u - 3. Is v(-3) a multiple of 14?
False
Is (-2)/(-4) - (-2)/((-28)/(-357))